{"id":36,"date":"2020-03-31T20:57:32","date_gmt":"2020-03-31T18:57:32","guid":{"rendered":"https:\/\/www.ament-it.de\/~kigafahr\/wordpress\/?page_id=36"},"modified":"2022-04-14T14:09:53","modified_gmt":"2022-04-14T12:09:53","slug":"geschichte","status":"publish","type":"page","link":"https:\/\/kindergarten-fahr.de\/index.php\/geschichte\/","title":{"rendered":"Geschichte"},"content":{"rendered":"\n<p>Im Fr\u00fchjahr 1921 wurde der Grund f\u00fcr unseren heutigen Kindergarten gelegt. Und bereits am Sonntag, den 6. November 1921 war die Einweihung, der vom hiesigen Darlehenskassenverein erbauten &#8222;Kinderbewahranstalt&#8220;.<\/p>\n\n\n\n<p>Die neu erbaute Anstalt diente der Erziehung der Kinder im vorschulpflichtigen Alter, der Unterweisung der weiblichen Jugend in den verschiedenen Handarbeiten und der ambulanten Krankenpflege.<\/p>\n\n\n\n<p>Au\u00dferdem gab es einen Raum f\u00fcr die Kinderschule, eine Unterrichtsk\u00fcche, ein B\u00fcgelzimmer, einen Baderaum, Wohnr\u00e4ume f\u00fcr die Schwestern und einen Lehrsaal f\u00fcr die Volksschule. Am 7. November nahmen nun 4 Franziskaner Ordensschwestern aus Dillingen die Arbeit in der Anstalt auf. Darunter eine Krankenschwester, eine K\u00f6chin und eine Kinderg\u00e4rtnerin unter der Leitung der Handarbeitslehrerin und Oberin M. Edmunda Schiele.<\/p>\n\n\n\n<p>1922 wurde die weltliche Schulstelle in eine kl\u00f6sterliche Lehrstelle verwandelt. In den Wintermonaten hielt man im Geb\u00e4ude Koch- und N\u00e4hkurse ab. Im August 1925 konnte die Kapelle im Geb\u00e4ude eingebaut werden. 1938 wurde der Abbau s\u00e4mtlicher kl\u00f6sterlicher Lehrerinnen durchgef\u00fchrt und die Schule musste an weltiche Lehrkr\u00e4fte abgegeben werden. Um das Haus zu sichern, wurde es an die kath. Kirchengemeinde \u00fcbergeben.<\/p>\n\n\n\n<p>Laut Aufzeichnung betreute am 4. Mai 1963 Schwester M. Helia die Kindergartenkinder. Am ersten Tag waren es 59 Kinder. Wegen Schwestermangel l\u00f6ste sich 1979 das Konvent in Fahr auf. Nur Schwester Helia betreute die Kinder des Dorfes weiter.<\/p>\n\n\n\n<p>1981 wurde der Begriff: &#8222;Anstalt&#8220; in &#8222;Kindergarten St. Franziskus&#8220; umgewandelt. Ca. 1988 \u00fcbergab Schwester Helia die Leitung an &#8222;weltliche&#8220; H\u00e4nde ab.<\/p>\n","protected":false},"excerpt":{"rendered":"<p>Im Fr\u00fchjahr 1921 wurde der Grund f\u00fcr unseren heutigen Kindergarten gelegt. Und bereits am Sonntag, den 6. November 1921 war die Einweihung, der vom hiesigen Darlehenskassenverein erbauten &#8222;Kinderbewahranstalt&#8220;. Die neu erbaute Anstalt diente der Erziehung der Kinder im vorschulpflichtigen Alter, der Unterweisung der weiblichen Jugend in den verschiedenen Handarbeiten und [&hellip;]<\/p>\n","protected":false},"author":2,"featured_media":0,"parent":0,"menu_order":0,"comment_status":"closed","ping_status":"closed","template":"","meta":{"footnotes":""},"class_list":["post-36","page","type-page","status-publish","hentry"],"_links":{"self":[{"href":"https:\/\/kindergarten-fahr.de\/index.php\/wp-json\/wp\/v2\/pages\/36","targetHints":{"allow":["GET"]}}],"collection":[{"href":"https:\/\/kindergarten-fahr.de\/index.php\/wp-json\/wp\/v2\/pages"}],"about":[{"href":"https:\/\/kindergarten-fahr.de\/index.php\/wp-json\/wp\/v2\/types\/page"}],"author":[{"embeddable":true,"href":"https:\/\/kindergarten-fahr.de\/index.php\/wp-json\/wp\/v2\/users\/2"}],"replies":[{"embeddable":true,"href":"https:\/\/kindergarten-fahr.de\/index.php\/wp-json\/wp\/v2\/comments?post=36"}],"version-history":[{"count":5,"href":"https:\/\/kindergarten-fahr.de\/index.php\/wp-json\/wp\/v2\/pages\/36\/revisions"}],"predecessor-version":[{"id":393,"href":"https:\/\/kindergarten-fahr.de\/index.php\/wp-json\/wp\/v2\/pages\/36\/revisions\/393"}],"wp:attachment":[{"href":"https:\/\/kindergarten-fahr.de\/index.php\/wp-json\/wp\/v2\/media?parent=36"}],"curies":[{"name":"wp","href":"https:\/\/api.w.org\/{rel}","templated":true}]}}

<p>Im Frühjahr 1921 wurde der Grund für unseren heutigen Kindergarten gelegt. Und bereits am Sonntag, den 6. November 1921 war die Einweihung, der vom hiesigen Darlehenskassenverein erbauten &#8222;Kinderbewahranstalt&#8220;.</p>



<p>Die neu erbaute Anstalt diente der Erziehung der Kinder im vorschulpflichtigen Alter, der Unterweisung der weiblichen Jugend in den verschiedenen Handarbeiten und der ambulanten Krankenpflege.</p>



<p>Außerdem gab es einen Raum für die Kinderschule, eine Unterrichtsküche, ein Bügelzimmer, einen Baderaum, Wohnräume für die Schwestern und einen Lehrsaal für die Volksschule. Am 7. November nahmen nun 4 Franziskaner Ordensschwestern aus Dillingen die Arbeit in der Anstalt auf. Darunter eine Krankenschwester, eine Köchin und eine Kindergärtnerin unter der Leitung der Handarbeitslehrerin und Oberin M. Edmunda Schiele.</p>



<p>1922 wurde die weltliche Schulstelle in eine klösterliche Lehrstelle verwandelt. In den Wintermonaten hielt man im Gebäude Koch- und Nähkurse ab. Im August 1925 konnte die Kapelle im Gebäude eingebaut werden. 1938 wurde der Abbau sämtlicher klösterlicher Lehrerinnen durchgeführt und die Schule musste an weltiche Lehrkräfte abgegeben werden. Um das Haus zu sichern, wurde es an die kath. Kirchengemeinde übergeben.</p>



<p>Laut Aufzeichnung betreute am 4. Mai 1963 Schwester M. Helia die Kindergartenkinder. Am ersten Tag waren es 59 Kinder. Wegen Schwestermangel löste sich 1979 das Konvent in Fahr auf. Nur Schwester Helia betreute die Kinder des Dorfes weiter.</p>



<p>1981 wurde der Begriff: &#8222;Anstalt&#8220; in &#8222;Kindergarten St. Franziskus&#8220; umgewandelt. Ca. 1988 übergab Schwester Helia die Leitung an &#8222;weltliche&#8220; Hände ab.</p>

<p>Im Frühjahr 1921 wurde der Grund für unseren heutigen Kindergarten gelegt. Und bereits am Sonntag, den 6. November 1921 war die Einweihung, der vom hiesigen Darlehenskassenverein erbauten &#8222;Kinderbewahranstalt&#8220;. Die neu erbaute Anstalt diente der Erziehung der Kinder im vorschulpflichtigen Alter, der Unterweisung der weiblichen Jugend in den verschiedenen Handarbeiten und [&hellip;]</p>
