{"id":32,"date":"2020-03-31T20:56:20","date_gmt":"2020-03-31T18:56:20","guid":{"rendered":"https:\/\/www.ament-it.de\/~kigafahr\/wordpress\/?page_id=32"},"modified":"2025-09-30T10:53:58","modified_gmt":"2025-09-30T08:53:58","slug":"raeume","status":"publish","type":"page","link":"https:\/\/kindergarten-fahr.de\/index.php\/raeume\/","title":{"rendered":"R\u00e4ume"},"content":{"rendered":"\n<p>In unserem Kindergarten stehen den Kinder verschiedene Funktionsecken zur Verf\u00fcgung. <\/p>\n\n\n\n<p>Im Gruppenraum befindet sich die Kreativecke mit Tischen in unterschiedlicher H\u00f6he, so dass die Kinder die M\u00f6glichkeit haben, auch im Stehen kreativ zu sein. An 2 Staffeleien kann gro\u00dffl\u00e4chig mit verschiedenen Maltutensilien gemalt werden. Der gut gef\u00fcllte Materialschrank l\u00e4sst keine W\u00fcnsche offen. <\/p>\n\n\n\n<figure class=\"wp-block-image size-large is-resized\"><img loading=\"lazy\" decoding=\"async\" width=\"529\" height=\"1024\" src=\"https:\/\/www.kindergarten-fahr.de\/wp-content\/uploads\/2024\/05\/20240424_080804-529x1024.jpg\" alt=\"\" class=\"wp-image-725\" style=\"width:212px;height:auto\" srcset=\"https:\/\/kindergarten-fahr.de\/wp-content\/uploads\/2024\/05\/20240424_080804-529x1024.jpg 529w, https:\/\/kindergarten-fahr.de\/wp-content\/uploads\/2024\/05\/20240424_080804-155x300.jpg 155w, https:\/\/kindergarten-fahr.de\/wp-content\/uploads\/2024\/05\/20240424_080804-768x1488.jpg 768w, https:\/\/kindergarten-fahr.de\/wp-content\/uploads\/2024\/05\/20240424_080804-793x1536.jpg 793w, https:\/\/kindergarten-fahr.de\/wp-content\/uploads\/2024\/05\/20240424_080804-1057x2048.jpg 1057w, https:\/\/kindergarten-fahr.de\/wp-content\/uploads\/2024\/05\/20240424_080804-scaled.jpg 1321w\" sizes=\"auto, (max-width: 529px) 100vw, 529px\" \/><\/figure>\n\n\n\n<p>Auf dem  gro\u00dfen Bau- und Konstruktionsteppich kann auf  verschiedenen Ebenen mit unterschiedlichem Material gebaut werden.<\/p>\n\n\n\n<figure class=\"wp-block-image size-large is-resized\"><img loading=\"lazy\" decoding=\"async\" width=\"1024\" height=\"492\" src=\"https:\/\/www.kindergarten-fahr.de\/wp-content\/uploads\/2024\/05\/20240424_081428-1024x492.jpg\" alt=\"\" class=\"wp-image-726\" style=\"width:429px;height:auto\" srcset=\"https:\/\/kindergarten-fahr.de\/wp-content\/uploads\/2024\/05\/20240424_081428-1024x492.jpg 1024w, https:\/\/kindergarten-fahr.de\/wp-content\/uploads\/2024\/05\/20240424_081428-300x144.jpg 300w, https:\/\/kindergarten-fahr.de\/wp-content\/uploads\/2024\/05\/20240424_081428-768x369.jpg 768w, https:\/\/kindergarten-fahr.de\/wp-content\/uploads\/2024\/05\/20240424_081428-1536x738.jpg 1536w, https:\/\/kindergarten-fahr.de\/wp-content\/uploads\/2024\/05\/20240424_081428-2048x984.jpg 2048w\" sizes=\"auto, (max-width: 1024px) 100vw, 1024px\" \/><\/figure>\n\n\n\n<p>Nimmt man auf dem Sofa Platz hat man nicht nur einen guten Blick auf das Gruppengeschehen, sondern kann in aller Ruhe B\u00fccher oder die Portfolio-Ordner betrachen.<\/p>\n\n\n\n<div class=\"wp-block-columns is-layout-flex wp-container-core-columns-is-layout-9d6595d7 wp-block-columns-is-layout-flex\">\n<div class=\"wp-block-column is-layout-flow wp-block-column-is-layout-flow\" style=\"flex-basis:100%\">\n<figure class=\"wp-block-image size-large is-resized\"><img loading=\"lazy\" decoding=\"async\" width=\"1024\" height=\"548\" src=\"https:\/\/www.kindergarten-fahr.de\/wp-content\/uploads\/2024\/05\/20240424_081014-1024x548.jpg\" alt=\"\" class=\"wp-image-728\" style=\"width:372px;height:auto\" srcset=\"https:\/\/kindergarten-fahr.de\/wp-content\/uploads\/2024\/05\/20240424_081014-1024x548.jpg 1024w, https:\/\/kindergarten-fahr.de\/wp-content\/uploads\/2024\/05\/20240424_081014-300x161.jpg 300w, https:\/\/kindergarten-fahr.de\/wp-content\/uploads\/2024\/05\/20240424_081014-768x411.jpg 768w, https:\/\/kindergarten-fahr.de\/wp-content\/uploads\/2024\/05\/20240424_081014-1536x823.jpg 1536w, https:\/\/kindergarten-fahr.de\/wp-content\/uploads\/2024\/05\/20240424_081014-2048x1097.jpg 2048w\" sizes=\"auto, (max-width: 1024px) 100vw, 1024px\" \/><\/figure>\n<\/div>\n<\/div>\n\n\n\n<p>An den Tischen k\u00f6nnen verschiedene Gesellschaftsspiele, Puzzle, Hammer- oder Steckspiele gespielt werden.<\/p>\n\n\n\n<p>Im Nebenraum befindet sich die Rollenspielecke. Das Mobiliar wechselt je nach Interesse der Kinder. So gibt es neben den \u00fcblichen M\u00f6beln wie K\u00fcche, Tisch und Puppenbetten auch eine Verkleidekiste oder einen Kaufladen. <\/p>\n\n\n\n<figure class=\"wp-block-image size-large is-resized\"><img loading=\"lazy\" decoding=\"async\" width=\"1024\" height=\"461\" src=\"https:\/\/www.kindergarten-fahr.de\/wp-content\/uploads\/2024\/05\/20240424_081607-1024x461.jpg\" alt=\"\" class=\"wp-image-729\" style=\"width:481px;height:auto\" srcset=\"https:\/\/kindergarten-fahr.de\/wp-content\/uploads\/2024\/05\/20240424_081607-1024x461.jpg 1024w, https:\/\/kindergarten-fahr.de\/wp-content\/uploads\/2024\/05\/20240424_081607-300x135.jpg 300w, https:\/\/kindergarten-fahr.de\/wp-content\/uploads\/2024\/05\/20240424_081607-768x346.jpg 768w, https:\/\/kindergarten-fahr.de\/wp-content\/uploads\/2024\/05\/20240424_081607-1536x692.jpg 1536w, https:\/\/kindergarten-fahr.de\/wp-content\/uploads\/2024\/05\/20240424_081607-2048x922.jpg 2048w\" sizes=\"auto, (max-width: 1024px) 100vw, 1024px\" \/><\/figure>\n\n\n\n<p>Wer den Blick in den Garten genie\u00dfen m\u00f6chte, der nimmt einfach auf der kuscheligen Fensterbank Platz. Den Kindern stehen verschiedene Medien (Toniebox oder CD-Player mit 6 Kopfh\u00f6rern) zur Verf\u00fcgung. Sie k\u00f6nnen in diesem Raum einem H\u00f6rspiel oder Liedern lauschen.<\/p>\n\n\n\n<p>Unter Mittag dient der Raum als Schlafm\u00f6glichkeit f\u00fcr unsere J\u00fcngsten, die dort in ihren mitgebrachten Reisebettchen ruhen. <\/p>\n\n\n\n<p>Die gro\u00dfe  K\u00fcche wird 2 mal am Tag f\u00fcr das freie Essen genutzt. Die Kinder erhalten im Rahmen des Schulfruchtprogramms t\u00e4glich Obst und Gem\u00fcse sowie Tee und Wasser. In diesem Raum finden auch Kleingruppenarbeiten und ruhige Besch\u00e4ftigungen statt. <\/p>\n\n\n\n<figure class=\"wp-block-image size-large is-resized\"><img loading=\"lazy\" decoding=\"async\" width=\"1024\" height=\"461\" src=\"https:\/\/www.kindergarten-fahr.de\/wp-content\/uploads\/2024\/05\/20240424_075641-1024x461.jpg\" alt=\"\" class=\"wp-image-730\" style=\"width:449px;height:auto\" srcset=\"https:\/\/kindergarten-fahr.de\/wp-content\/uploads\/2024\/05\/20240424_075641-1024x461.jpg 1024w, https:\/\/kindergarten-fahr.de\/wp-content\/uploads\/2024\/05\/20240424_075641-300x135.jpg 300w, https:\/\/kindergarten-fahr.de\/wp-content\/uploads\/2024\/05\/20240424_075641-768x346.jpg 768w, https:\/\/kindergarten-fahr.de\/wp-content\/uploads\/2024\/05\/20240424_075641-1536x692.jpg 1536w, https:\/\/kindergarten-fahr.de\/wp-content\/uploads\/2024\/05\/20240424_075641-2048x922.jpg 2048w\" sizes=\"auto, (max-width: 1024px) 100vw, 1024px\" \/><\/figure>\n\n\n\n<p>Der Turnraum ist t\u00e4glich ge\u00f6ffnet damit die Kinder ihrem Bewegungsdrang nachgehen k\u00f6nnen. Er wird von uns f\u00fcr den t\u00e4glichen Morgenkreis, Kleingruppenarbeit, gemeinsame Turnstunden, Klangreisen, Bilderbuchkino, Entspannung, Legearbeiten und Infoabende genutzt.<\/p>\n\n\n\n<figure class=\"wp-block-image size-large is-resized\"><img loading=\"lazy\" decoding=\"async\" width=\"1024\" height=\"461\" src=\"https:\/\/www.kindergarten-fahr.de\/wp-content\/uploads\/2024\/05\/20240424_075742-1024x461.jpg\" alt=\"\" class=\"wp-image-731\" style=\"width:493px;height:auto\" srcset=\"https:\/\/kindergarten-fahr.de\/wp-content\/uploads\/2024\/05\/20240424_075742-1024x461.jpg 1024w, https:\/\/kindergarten-fahr.de\/wp-content\/uploads\/2024\/05\/20240424_075742-300x135.jpg 300w, https:\/\/kindergarten-fahr.de\/wp-content\/uploads\/2024\/05\/20240424_075742-768x346.jpg 768w, https:\/\/kindergarten-fahr.de\/wp-content\/uploads\/2024\/05\/20240424_075742-1536x692.jpg 1536w, https:\/\/kindergarten-fahr.de\/wp-content\/uploads\/2024\/05\/20240424_075742-2048x922.jpg 2048w\" sizes=\"auto, (max-width: 1024px) 100vw, 1024px\" \/><\/figure>\n\n\n\n<p>Viel Zeit verbringen wir in unserem gro\u00dfz\u00fcgigen schattigen Garten mit einigen Spielger\u00e4ten.<\/p>\n\n\n\n<figure class=\"wp-block-image size-full is-resized\"><img loading=\"lazy\" decoding=\"async\" width=\"806\" height=\"453\" src=\"https:\/\/kindergarten-fahr.de\/wp-content\/uploads\/2025\/06\/20250610_115936-1.jpg\" alt=\"\" class=\"wp-image-993\" style=\"width:377px;height:auto\" srcset=\"https:\/\/kindergarten-fahr.de\/wp-content\/uploads\/2025\/06\/20250610_115936-1.jpg 806w, https:\/\/kindergarten-fahr.de\/wp-content\/uploads\/2025\/06\/20250610_115936-1-300x169.jpg 300w, https:\/\/kindergarten-fahr.de\/wp-content\/uploads\/2025\/06\/20250610_115936-1-768x432.jpg 768w\" sizes=\"auto, (max-width: 806px) 100vw, 806px\" \/><\/figure>\n\n\n\n<figure class=\"wp-block-image size-large is-resized\"><img loading=\"lazy\" decoding=\"async\" width=\"1024\" height=\"461\" src=\"https:\/\/www.kindergarten-fahr.de\/wp-content\/uploads\/2024\/04\/20240411_114505-1024x461.jpg\" alt=\"\" class=\"wp-image-705\" style=\"width:375px;height:auto\" srcset=\"https:\/\/kindergarten-fahr.de\/wp-content\/uploads\/2024\/04\/20240411_114505-1024x461.jpg 1024w, https:\/\/kindergarten-fahr.de\/wp-content\/uploads\/2024\/04\/20240411_114505-300x135.jpg 300w, https:\/\/kindergarten-fahr.de\/wp-content\/uploads\/2024\/04\/20240411_114505-768x346.jpg 768w, https:\/\/kindergarten-fahr.de\/wp-content\/uploads\/2024\/04\/20240411_114505-1536x692.jpg 1536w, https:\/\/kindergarten-fahr.de\/wp-content\/uploads\/2024\/04\/20240411_114505-2048x922.jpg 2048w\" sizes=\"auto, (max-width: 1024px) 100vw, 1024px\" \/><\/figure>\n\n\n\n<figure class=\"wp-block-image size-full is-resized\"><img loading=\"lazy\" decoding=\"async\" width=\"806\" height=\"453\" src=\"https:\/\/kindergarten-fahr.de\/wp-content\/uploads\/2025\/06\/20250610_115909-1.jpg\" alt=\"\" class=\"wp-image-991\" style=\"width:376px;height:auto\" srcset=\"https:\/\/kindergarten-fahr.de\/wp-content\/uploads\/2025\/06\/20250610_115909-1.jpg 806w, https:\/\/kindergarten-fahr.de\/wp-content\/uploads\/2025\/06\/20250610_115909-1-300x169.jpg 300w, https:\/\/kindergarten-fahr.de\/wp-content\/uploads\/2025\/06\/20250610_115909-1-768x432.jpg 768w\" sizes=\"auto, (max-width: 806px) 100vw, 806px\" \/><\/figure>\n\n\n\n<figure class=\"wp-block-image size-large is-resized\"><img loading=\"lazy\" decoding=\"async\" width=\"1024\" height=\"461\" src=\"https:\/\/www.kindergarten-fahr.de\/wp-content\/uploads\/2024\/04\/20240411_114500-1024x461.jpg\" alt=\"\" class=\"wp-image-708\" style=\"width:374px;height:auto\" srcset=\"https:\/\/kindergarten-fahr.de\/wp-content\/uploads\/2024\/04\/20240411_114500-1024x461.jpg 1024w, https:\/\/kindergarten-fahr.de\/wp-content\/uploads\/2024\/04\/20240411_114500-300x135.jpg 300w, https:\/\/kindergarten-fahr.de\/wp-content\/uploads\/2024\/04\/20240411_114500-768x346.jpg 768w, https:\/\/kindergarten-fahr.de\/wp-content\/uploads\/2024\/04\/20240411_114500-1536x692.jpg 1536w, https:\/\/kindergarten-fahr.de\/wp-content\/uploads\/2024\/04\/20240411_114500-2048x922.jpg 2048w\" sizes=\"auto, (max-width: 1024px) 100vw, 1024px\" \/><\/figure>\n\n\n\n<figure class=\"wp-block-image size-large is-resized\"><img loading=\"lazy\" decoding=\"async\" width=\"1024\" height=\"510\" src=\"https:\/\/www.kindergarten-fahr.de\/wp-content\/uploads\/2024\/04\/20240411_114417-1024x510.jpg\" alt=\"\" class=\"wp-image-709\" style=\"width:378px;height:auto\" srcset=\"https:\/\/kindergarten-fahr.de\/wp-content\/uploads\/2024\/04\/20240411_114417-1024x510.jpg 1024w, https:\/\/kindergarten-fahr.de\/wp-content\/uploads\/2024\/04\/20240411_114417-300x149.jpg 300w, https:\/\/kindergarten-fahr.de\/wp-content\/uploads\/2024\/04\/20240411_114417-768x382.jpg 768w, https:\/\/kindergarten-fahr.de\/wp-content\/uploads\/2024\/04\/20240411_114417-1536x765.jpg 1536w, https:\/\/kindergarten-fahr.de\/wp-content\/uploads\/2024\/04\/20240411_114417-2048x1020.jpg 2048w\" sizes=\"auto, (max-width: 1024px) 100vw, 1024px\" \/><\/figure>\n\n\n\n<figure class=\"wp-block-image size-large is-resized\"><img loading=\"lazy\" decoding=\"async\" width=\"461\" height=\"1024\" src=\"https:\/\/www.kindergarten-fahr.de\/wp-content\/uploads\/2024\/04\/20240411_114430-461x1024.jpg\" alt=\"\" class=\"wp-image-712\" style=\"width:200px;height:auto\" srcset=\"https:\/\/kindergarten-fahr.de\/wp-content\/uploads\/2024\/04\/20240411_114430-461x1024.jpg 461w, https:\/\/kindergarten-fahr.de\/wp-content\/uploads\/2024\/04\/20240411_114430-135x300.jpg 135w, https:\/\/kindergarten-fahr.de\/wp-content\/uploads\/2024\/04\/20240411_114430-768x1705.jpg 768w, https:\/\/kindergarten-fahr.de\/wp-content\/uploads\/2024\/04\/20240411_114430-692x1536.jpg 692w, https:\/\/kindergarten-fahr.de\/wp-content\/uploads\/2024\/04\/20240411_114430-922x2048.jpg 922w, https:\/\/kindergarten-fahr.de\/wp-content\/uploads\/2024\/04\/20240411_114430-scaled.jpg 1153w\" sizes=\"auto, (max-width: 461px) 100vw, 461px\" \/><\/figure>\n\n\n\n<p>Im Obergeschoss haben wir eine Kapelle, die f\u00fcr religi\u00f6se Angebote genutzt wird. <\/p>\n\n\n\n<figure class=\"wp-block-image size-full is-resized\"><img loading=\"lazy\" decoding=\"async\" width=\"692\" height=\"922\" src=\"https:\/\/kindergarten-fahr.de\/wp-content\/uploads\/2025\/09\/213_0714-1.jpg\" alt=\"\" class=\"wp-image-1060\" style=\"width:207px;height:auto\" srcset=\"https:\/\/kindergarten-fahr.de\/wp-content\/uploads\/2025\/09\/213_0714-1.jpg 692w, https:\/\/kindergarten-fahr.de\/wp-content\/uploads\/2025\/09\/213_0714-1-225x300.jpg 225w\" sizes=\"auto, (max-width: 692px) 100vw, 692px\" \/><\/figure>\n\n\n\n<p><\/p>\n","protected":false},"excerpt":{"rendered":"<p>In unserem Kindergarten stehen den Kinder verschiedene Funktionsecken zur Verf\u00fcgung. Im Gruppenraum befindet sich die Kreativecke mit Tischen in unterschiedlicher H\u00f6he, so dass die Kinder die M\u00f6glichkeit haben, auch im Stehen kreativ zu sein. An 2 Staffeleien kann gro\u00dffl\u00e4chig mit verschiedenen Maltutensilien gemalt werden. Der gut gef\u00fcllte Materialschrank l\u00e4sst keine [&hellip;]<\/p>\n","protected":false},"author":2,"featured_media":0,"parent":0,"menu_order":0,"comment_status":"closed","ping_status":"closed","template":"","meta":{"footnotes":""},"class_list":["post-32","page","type-page","status-publish","hentry"],"_links":{"self":[{"href":"https:\/\/kindergarten-fahr.de\/index.php\/wp-json\/wp\/v2\/pages\/32","targetHints":{"allow":["GET"]}}],"collection":[{"href":"https:\/\/kindergarten-fahr.de\/index.php\/wp-json\/wp\/v2\/pages"}],"about":[{"href":"https:\/\/kindergarten-fahr.de\/index.php\/wp-json\/wp\/v2\/types\/page"}],"author":[{"embeddable":true,"href":"https:\/\/kindergarten-fahr.de\/index.php\/wp-json\/wp\/v2\/users\/2"}],"replies":[{"embeddable":true,"href":"https:\/\/kindergarten-fahr.de\/index.php\/wp-json\/wp\/v2\/comments?post=32"}],"version-history":[{"count":15,"href":"https:\/\/kindergarten-fahr.de\/index.php\/wp-json\/wp\/v2\/pages\/32\/revisions"}],"predecessor-version":[{"id":1061,"href":"https:\/\/kindergarten-fahr.de\/index.php\/wp-json\/wp\/v2\/pages\/32\/revisions\/1061"}],"wp:attachment":[{"href":"https:\/\/kindergarten-fahr.de\/index.php\/wp-json\/wp\/v2\/media?parent=32"}],"curies":[{"name":"wp","href":"https:\/\/api.w.org\/{rel}","templated":true}]}}